factors of d.
3
Suppose -165 = 9*g - 12*g. List the prime factors of g.
5, 11
Let u = -35 + 56. What are the prime factors of u?
3, 7
Let t(k) = 15*k - 10. Let w(o) = -o**2 - 12*o + 1. Let m be w(-12). Let y(n) = n - 1. Let r(j) = m*t(j) - 10*y(j). List the prime factors of r(3).
3, 5
Suppose -4*n + l = -125, 5 = -7*l + 2*l. What are the prime factors of n?
31
Suppose c - 123 = -c - n, -c - 3*n + 49 = 0. Suppose -190 = -3*y - c. List the prime factors of y.
2, 3, 7
Let p(t) = -t**3 - 10*t**2 - 11*t. Let u be 3/(1 + -1 - -1). Suppose u + 6 = -n. List the prime factors of p(n).
2, 3
What are the prime factors of (-16)/4 + 27 + -4?
19
Suppose 4*s - 6*s + 68 = 0. List the prime factors of s.
2, 17
Let p(z) = -z + 4. Let x be p(2). Let i be (-1 + 7/2)*2. Suppose x + 8 = i*r. List the prime factors of r.
2
Let s(i) = -27*i**3 + i**2 + 2*i + 1. Let j be s(-1). Let b = 43 - j. What are the prime factors of b?
2
Let f = 13 + -7. Suppose f = -3*t + 4*c, -3*c = -4*t - 2*c - 8. List the prime factors of (-3)/(-3)*(t + 12).
2, 5
What are the prime factors of (1*628/(-12))/((-1)/3)?
157
Let w(g) = -g**3 + 25*g**2 + 36*g - 5. List the prime factors of w(26).
3, 5, 17
What are the prime factors of 4/22 - (-1310)/55?
2, 3
Suppose 3*b - 125 = -5*a, 0 = -3*a - 7 + 1. List the prime factors of b.
3, 5
Let y = 19 - 13. Suppose -n + 27 + y = 0. Let h = n - 20. What are the prime factors of h?
13
Let y(p) = -p**2 - 9*p - 7. Let w = 2 + -9. What are the prime factors of y(w)?
7
Suppose 7*d - 2*d = -45. Let w = 7 - d. What are the prime factors of w?
2
Let n = -18 + 9. List the prime factors of (-6)/n + 7/3.
3
Suppose -i + 1 + 8 = -5*g, -5*g + 3 = 2*i. Suppose i*c = -c + 30. Suppose v = 4*h - 4, 2*h - c*h + 5*v = 12. List the prime factors of h.
2
Suppose 4*p - p = 24. Suppose -3*z - 4 = -p*t + 4*t, -3*z + 12 = 0. Suppose -4*u - t*o + 20 = -2*u, -4*u + 60 = -2*o. List the prime factors of u.
2, 7
Suppose 2*y + 6 = 0, 5*d + 129 = -4*y - 23. Let l be d/(-10) + (-2)/(-10). Suppose 12 = 3*z + 3*i, 2*z + l*z + 2*i - 29 = 0. List the prime factors of z.
7
Let d be -16*(-5 + 3)/(-4). What are the prime factors of 4/(3/(1 - d))?
2, 3
List the prime factors of (-10)/(-4)*(17 + -13).
2, 5
Suppose -5*r - 21 = -8*r. Let x = 16 - 9. Suppose -4*t + r*t - 5*f - 32 = 0, -2*f + x = t. What are the prime factors of t?
3
Suppose -3*a + a + 110 = -2*b, 0 = 5*a - 2*b - 260. What are the prime factors of a?
2, 5
Let r = 6 + 0. Suppose -r*d + 39 = -3*d. List the prime factors of d.
13
What are the prime factors of (1 + -2)/(17/(-3774))?
2, 3, 37
What are the prime factors of 7/((-140)/16)*(0 - 60)?
2, 3
Let k(p) be the third derivative of 0 - 1/60*p**5 + 2*p**2 + 1/60*p**6 + 0*p - 1/3*p**3 + 1/24*p**4. What are the prime factors of k(2)?
2, 3
Suppose 0*x - x - 24 = 2*n, 5*n + 71 = -3*x. Let s = -7 - x. What are the prime factors of s?
3, 5
Let q(k) be the third derivative of -k**7/5040 + k**6/60 + k**5/60 - 2*k**2. Let b(i) be the third derivative of q(i). What are the prime factors of b(0)?
2, 3
Let r = 11 + -1. Suppose 0 = s - 19 + r. What are the prime factors of s?
3
Let q(m) = -34*m**3 - m**2 - 2*m - 1. Suppose -4*b = -n + 9, -4*b + n + 1 = 2*n. What are the prime factors of q(b)?
2, 17
Let a(w) = 3*w + 2. Let l be -2 - -5 - (2 - 2). List the prime factors of a(l).
11
Let g = 8 - 3. Suppose -j - 10 = 2*f - g*j, -3*f - 2*j = -25. What are the prime factors of f?
5
Let v(o) = 2*o. Let m be v(2). Let n(b) = b**2 - b + 1. List the prime factors of n(m).
13
List the prime factors of ((-194)/5)/((-2)/5) - -2.
3, 11
Suppose i + 36 = 2*i. What are the prime factors of i?
2, 3
Suppose -r - 5*y = -0*y - 14, -3*r - 5*y + 32 = 0. List the prime factors of r.
3
Let h be (-12)/(-15)*(-10)/4. List the prime factors of 2/2 + (h - -7).
2, 3
Let q(s) = -4*s - 1. Let u be q(-1). Let r(a) = a**3 + 13*a**2 - 15*a - 9. Let k be r(-14). Suppose -u*b - 10 = -k*b. What are the prime factors of b?
5
Suppose b - 5*u - 6 = -32, -3*b - 4*u + 17 = 0. Suppose 0 = 2*a + 6. What are the prime factors of (b - (a - 0)) + 15?
17
Let u(j) = 2*j - 7. Let n be u(-4). Let m = n + 31. What are the prime factors of m?
2
Suppose 14*d - 62 = 106. List the prime factors of d.
2, 3
Suppose 3*t - 167 = -4*u - 0*t, -5*u + 205 = 5*t. Suppose 2*i - u = -10. What are the prime factors of i?
17
Suppose -133 = -5*i + 147. Let n = i - 12. What are the prime factors of n?
2, 11
Suppose 3*h - x - 944 = 0, -3*x = 4*h - 2*h - 633. List the prime factors of h.
3, 5, 7
Let g be (-10)/2*(-30)/(-25). Let t = 7 - g. What are the prime factors of t?
13
Let y(w) = -w + 9. Let l be y(4). Suppose s - l = 11. List the prime factors of s.
2
Let q = 54 - 32. What are the prime factors of q?
2, 11
Let j = -290 + 458. List the prime factors of j.
2, 3, 7
Let y be (-12)/10*(-5 - 0). Let c(q) = 2 - 3 - 99*q + 100*q. What are the prime factors of c(y)?
5
Suppose 250 - 5 = 5*v. List the prime factors of v.
7
Suppose 0 = -3*z - 4*v + 12 - 0, 4*z + 4*v - 12 = 0. Suppose z = -3*o + 9 - 30. Let c(l) = l**2 + 5*l - 1. List the prime factors of c(o).
13
Suppose 4*w - 3 = -5*m, 5 = 2*w - 3*m + 2*m. Suppose 7*s - w*s = 165. List the prime factors of s.
3, 11
Suppose 3*l = 6, 0*u + 2*u + 4 = 5*l. Suppose u*a - 3 = 3. List the prime factors of a.
2
Let z(s) = s**2 + 5*s + 5. What are the prime factors of z(-9)?
41
Let x = 1 - 0. Let t = 1 - x. What are the prime factors of (4/(-2) - t)/(-1)?
2
Let q be (2 - 1)/(2/(-6)). List the prime factors of 1/(-1)*(-8 + q).
11
Let f(g) = -g**2 - 5*g - 1. Let p be f(-4). Let u(l) = l + 2. Let y be u(-2). Suppose 0 = 3*a - 5*q - 35, a + p*q + 7 = -y*q. List the prime factors of a.
5
Let d = -64 + 107. Suppose -11 - 8 = -i + 4*c, -3*i - 2*c + d = 0. What are the prime factors of i?
3, 5
Suppose 0 = 7*j - 8*j + h + 63, 5*h - 20 = 0. List the prime factors of j.
67
Suppose 213*m = 211*m + 400. List the prime factors of m.
2, 5
Suppose -20*m + 16 = -18*m. Let t(r) = -r**3 + 8*r**2 + 6*r - 8. List the prime factors of t(m).
2, 5
Suppose 4*z - 4*p + 3*p - 40 = 0, 5*z = -5*p + 50. What are the prime factors of (-4)/z - 144/(-10)?
2, 7
Let c = 7 + -6. Let n(a) = -5*a**3 + 5*a**2 - 4*a - 1. Let q(f) = f**2 - f. Let b(x) = -n(x) + 5*q(x). What are the prime factors of b(c)?
5
What are the prime factors of (11/33)/((-3)/(-612))?
2, 17
Let r(p) = -10*p. Let l be r(-1). Let s = 2 + l. What are the prime factors of s?
2, 3
Let j = -19 + 64. List the prime factors of j.
3, 5
Suppose -c = -0*c. Suppose c = -u + 4*u + 6. What are the prime factors of 2/(-3)*33/u?
11
Let o(x) = x**2 + x + 2. Suppose 5*i - 4*f - 12 = -5*f, i = 4*f + 15. Let b be o(i). Let k = b + -6. List the prime factors of k.
2
Let h = -10 + 14. Suppose -4*v - 160 = -h*z, -3*z + v + 124 = -3*v. What are the prime factors of z?
2, 3
Suppose 2*m = -3*j + 59, 5*m - 17 = 5*j - 82. Let z = -1 + -5. Let p = z + j. List the prime factors of p.
11
Let k(v) be the first derivative of 7*v**3/3 - 2*v - 4. List the prime factors of k(-2).
2, 13
List the prime factors of 240/(-18)*21/(-4).
2, 5, 7
Suppose 2*a + 2*a - 160 = 0. List the prime factors of a.
2, 5
Let d(r) = r**2 + 2*r + 3. Let z be d(-2). Suppose 3*k - 60 = 3*j, -2*j - 10 = -z*k + 25. List the prime factors of (-5)/j + (-54)/(-5).
11
Let z be (-3 + (-3 - 4))*1. Let t = 17 + z. List the prime factors of t.
7
Let i be 7/2 + (-15)/10. Suppose 2*o - o = i. What are the prime factors of o?
2
Let m(z) = -32*z - 44. What are the prime factors of m(-5)?
2, 29
Let m(t) = 9*t - 2*t + 12 + 0*t. Let g(q) = q. Let w(f) = -6*g(f) + m(f). What are the prime factors of w(-5)?
7
Let m(v) = 5*v. Suppose 2*o + 5 = 3*q, 5 = 4*q - 3*o - 1. List the prime factors of m(q).
3, 5
Let n be 5/(-1) + 2 + 6. Suppose 2*d + 1 = s + n*d, -19 = -4*s + d. Suppose 2*q + s - 26 = 0. List the prime factors of q.
11
Let w(k) = k**2 + 2*k - 4. Suppose -4*v - 8 = 16. Let z be 22/v + 2/(-6). What are the prime factors of w(z)?
2
Let g(d) = -d**3 + 6*d**2 + 9*d + 10. Let p be g(8). Let z = -24 - 8. Let w = z - p. List the prime factors of w.
2, 7
Let m(u) = -u**2 + 8*u - 2. Suppose -2*b = -0*b - 14. What are the prime factors of m(b)?
5
Let j(s) = -22*s**3 + 2*s**2 - 4*s - 6. List the prime factors of j(-2).
2, 3, 31
Let h be 3/(12/52) - -3. Suppose -f + h = u, -f = -u